hest common divisor of 140 and 940.
20
Calculate the greatest common divisor of 11 and 462.
11
What is the greatest common divisor of 57 and 10203?
57
What is the greatest common divisor of 2 and 142?
2
What is the highest common factor of 12445 and 380?
95
What is the highest common factor of 1199 and 44?
11
What is the greatest common factor of 240 and 60?
60
What is the highest common factor of 13497 and 1636?
409
What is the greatest common factor of 81 and 6?
3
Calculate the greatest common factor of 1485 and 110.
55
Calculate the highest common divisor of 44 and 16181.
11
Calculate the greatest common divisor of 115 and 184.
23
What is the greatest common factor of 210 and 462?
42
What is the highest common divisor of 32 and 96?
32
Calculate the highest common divisor of 194 and 679.
97
Calculate the greatest common factor of 6 and 12.
6
What is the highest common factor of 369 and 1312?
41
Calculate the greatest common divisor of 231 and 4587.
33
What is the highest common divisor of 48 and 72?
24
What is the greatest common divisor of 237 and 11613?
237
What is the greatest common factor of 70 and 1680?
70
Calculate the greatest common factor of 299 and 115.
23
Calculate the highest common factor of 18 and 729.
9
What is the greatest common divisor of 1 and 13?
1
Calculate the highest common factor of 49 and 28.
7
What is the highest common factor of 14 and 924?
14
What is the highest common divisor of 2 and 1373?
1
What is the greatest common divisor of 15 and 435?
15
Calculate the highest common divisor of 10 and 7270.
10
What is the greatest common factor of 55 and 80?
5
What is the greatest common factor of 53 and 477?
53
Calculate the greatest common divisor of 16 and 70896.
16
What is the greatest common divisor of 2299 and 847?
121
Calculate the highest common factor of 13 and 17251.
13
Calculate the greatest common divisor of 347 and 38517.
347
What is the greatest common factor of 35 and 695?
5
What is the greatest common divisor of 12 and 132?
12
Calculate the highest common factor of 3850 and 30.
10
Calculate the greatest common factor of 42 and 4466.
14
What is the greatest common divisor of 27 and 4275?
9
What is the highest common divisor of 23632 and 32?
16
What is the highest common divisor of 18 and 639?
9
What is the greatest common factor of 1712 and 8?
8
What is the highest common divisor of 24 and 372?
12
What is the highest common divisor of 391 and 85?
17
Calculate the greatest common divisor of 64 and 248.
8
Calculate the highest common factor of 28 and 13118.
14
What is the highest common divisor of 2501 and 287?
41
What is the greatest common divisor of 33 and 154?
11
Calculate the greatest common divisor of 1168 and 40.
8
What is the greatest common factor of 74 and 185?
37
What is the greatest common divisor of 117 and 312?
39
What is the greatest common factor of 171 and 33687?
171
What is the highest common factor of 3703 and 7?
7
What is the greatest common divisor of 176 and 308?
44
What is the greatest common divisor of 906 and 11476?
302
What is the highest common divisor of 68701 and 29?
29
Calculate the greatest common factor of 26 and 117.
13
What is the highest common factor of 793 and 65?
13
What is the greatest common factor of 3310 and 30?
10
What is the greatest common factor of 464 and 58?
58
Calculate the highest common factor of 189 and 1008.
63
What is the greatest common divisor of 30 and 735?
15
What is the greatest common factor of 31 and 1?
1
What is the highest common divisor of 4334 and 4728?
394
Calculate the highest common divisor of 160 and 200.
40
What is the greatest common divisor of 168 and 63?
21
What is the greatest common factor of 30304 and 32?
32
Calculate the greatest common factor of 284 and 56516.
284
What is the highest common factor of 1992 and 48?
24
What is the greatest common factor of 5 and 1?
1
What is the greatest common factor of 1250 and 10?
10
What is the highest common factor of 221 and 119?
17
Calculate the greatest common factor of 53 and 477.
53
What is the greatest common factor of 54 and 36?
18
What is the greatest common factor of 1036 and 28?
28
Calculate the greatest common divisor of 22 and 2607.
11
Calculate the greatest common divisor of 5141 and 159.
53
What is the highest common factor of 168 and 3864?
168
What is the greatest common divisor of 121 and 11?
11
Calculate the highest common divisor of 264 and 48.
24
Calculate the greatest common factor of 5283 and 36.
9
What is the highest common factor of 20 and 95?
5
Calculate the greatest common factor of 73 and 803.
73
Calculate the highest common factor of 95 and 418.
19
Calculate the greatest common factor of 221 and 169.
13
Calculate the greatest common factor of 165 and 11.
11
What is the greatest common divisor of 14 and 371?
7
Calculate the highest common factor of 246 and 123.
123
What is the highest common divisor of 10 and 275?
5
What is the greatest common factor of 217 and 8029?
217
Calculate the greatest common factor of 161 and 92.
23
What is the greatest common divisor of 8 and 244?
4
Calculate the greatest common divisor of 292 and 12702.
146
Calculate the highest common factor of 138 and 10074.
138
What is the highest common divisor of 603 and 67?
67
Calculate the highest common factor of 20 and 64060.
20
What is the highest common divisor of 15 and 45?
15
Calculate the greatest common factor of 477 and 15.
3
What is the greatest common divisor of 181 and 4525?
181
What is the highest common factor of 721 and 217?
7
Calculate the highest common divisor of 301 and 86.
43
What is the greatest common divisor of 110 and 748?
22
Calculate the highest common factor of 6325 and 33.
11
What is the greatest common divisor of 100 and 48775?
25
What is the greatest common divisor of 39 and 32019?
39
Calculate the greatest common divisor of 272 and 731.
17
What is the highest common factor of 10549 and 274?
137
What is the highest common factor of 1432 and 16?
8
Calculate the highest common divisor of 744 and 24.
24
Calculate the highest common divisor of 71409 and 39.
39
What is the greatest common factor of 54 and 1332?
18
What is the greatest common factor of 6 and 476?
2
What is the greatest common divisor of 69 and 5451?
69
What is the greatest common factor of 6734 and 104?
26
What is the greatest common divisor of 4600 and 50?
50
Calculate the greatest common divisor of 3 and 980.
1
Calculate the highest common factor of 1555 and 5.
5
Calculate the greatest common factor of 233 and 23300.
233
What is the greatest common factor of 1927 and 41?
41
Calculate the highest common divisor of 152 and 95.
19
Calculate the greatest common factor of 966 and 18906.
138
Calculate the highest common divisor of 138 and 21666.
138
Calculate the greatest common divisor of 312 and 14664.
312
What is the highest common factor of 112 and 392?
56
Calculate the greatest common factor of 77 and 143.
11
Calculate the highest common factor of 18 and 18.
18
Calculate the highest common factor of 640 and 20.
20
What is the highest common divisor of 1010 and 15?
5
Calculate the highest common factor of 282 and 141.
141
Calculate the highest common factor of 19 and 475.
19
What is the greatest common factor of 32 and 10720?
32
What is the highest common divisor of 128 and 624?
16
What is the greatest common divisor of 369 and 3936?
123
What is the greatest common divisor of 2193 and 17?
17
What is the greatest common divisor of 14 and 79170?
14
What is the highest common divisor of 45 and 210?
15
Calculate the highest common factor of 35 and 315.
35
Calculate the greatest common factor of 336 and 196.
28
Calculate the greatest common factor of 7424 and 1972.
116
Calculate the highest common divisor of 192 and 4.
4
Calculate the highest common factor of 22 and 5962.
22
What is the greatest common divisor of 165 and 2910?
15
Calculate the greatest common divisor of 368 and 64.
16
Calculate the greatest common factor of 4530 and 30.
30
Calculate the greatest common divisor of 14 and 6062.
14
Calculate the highest common factor of 294 and 18.
6
What is the greatest common factor of 4293 and 848?
53
What is the greatest common factor of 83 and 83?
83
What is the greatest common divisor of 20 and 182?
2
What is t